, 3, 7
Let j = 7 + -9. Let q be 3 + (j - (-1 + 0)). List the prime factors of q/(-6) + 247/39.
2, 3
Let s(h) = h**2 - 3*h + 237. List the prime factors of s(34).
1291
Let l be (-207)/(-63) - 2/7. Let k be (l - 15)/3*-1. Suppose -s - 3*r - 97 = -3*s, -k*s - r + 215 = 0. List the prime factors of s.
53
Let x(w) = w**3 + 7*w**2 + 8*w + 3. Let l be x(-6). Let o = 5 + l. Let s = 24 - o. List the prime factors of s.
2, 7
Let m = 9 + -19. Let l be m/15 + (-106)/(-6). What are the prime factors of l/2 - (-1)/(-2)?
2
Suppose 3*g - 44 = -g. Let k(a) = 2*a**2 - 2*a**2 + a**2 - 8*a + g. What are the prime factors of k(10)?
31
Let b(h) = -357*h + 6. Let y be b(6). List the prime factors of y/(-20)*(-30)/(-12).
3, 89
Suppose u - 2881 = -1729. List the prime factors of u.
2, 3
Suppose 5*l = -2*n + 265, -165 + 55 = -n + 2*l. List the prime factors of n.
2, 3, 5
Let k = -66 + 62. Let s be ((-21)/12)/(1/8). Let g = k - s. What are the prime factors of g?
2, 5
Let s = -90 - -1934. List the prime factors of s.
2, 461
Let i(x) = -x**2 + 5. Let z be i(0). Suppose -5*u + 27 = m, -2*m + z*u + 30 = 3*u. What are the prime factors of m?
17
Suppose -4*o + 212 = s + 3*s, -5*o + s = -235. Let g = o + 8. List the prime factors of g.
2, 7
Let j(r) = -r**3 - 7*r**2 - 5*r + 2. Let u be j(-6). Let t be (-12 + 10)*6/u. Let h = 6 - t. What are the prime factors of h?
3
Let y = -95 - -85. What are the prime factors of y/25*(-1510)/4?
151
Suppose 11 = 2*p - 35. Suppose -8*w + 9*w - p = 0. What are the prime factors of w?
23
List the prime factors of 11/(-16 - 6) - (-11870)/4.
3, 23, 43
Suppose 202 = -3*b - 71. Let r = 172 + b. What are the prime factors of r?
3
Suppose 3*h = 9, -4*x + 2*h - 174 = -7*x. List the prime factors of x.
2, 7
Suppose -5*s - 5*h + 44 = -6, h = s. Suppose -x = -5*p + 242, p - 2*x = -s*x + 42. List the prime factors of p.
2, 3
Let f(l) = -42*l - 13. Let w be f(4). Let v = w + 464. What are the prime factors of v?
283
Let w = -1 + 1. Suppose 5*p - 6 - 9 = 2*m, 0 = 3*p - 2*m - 9. Suppose w = -p*f + 29 + 37. List the prime factors of f.
2, 11
Let u(i) = 3 - 5*i**2 + 6*i**2 + 10*i**2 + 2*i - 2. Let b(l) = 5*l**2 + l. Let n(w) = 5*b(w) - 2*u(w). List the prime factors of n(-2).
2
Suppose 3*g = 535 + 968. Suppose -2*k + 5*k - g = 0. What are the prime factors of k?
167
Suppose -3*x + 51 = 5*s + x, 3*s + 4*x - 29 = 0. What are the prime factors of ((-4410)/s)/(-5) - (-6)/(-33)?
2, 5
Let w(h) = -74*h + 351. What are the prime factors of w(-18)?
3, 11, 17
Let s = 13 + 104. Let x = -66 + s. Let a = x - 31. What are the prime factors of a?
2, 5
Let g = -6913 - -9766. List the prime factors of g.
3, 317
Let v(n) = n**3 - 9*n**2 + 7*n + 9. Let r be v(8). Let w(j) = j + 10*j**2 + 15*j**2 + 34*j**3 + 12*j**2 - 35*j**2 - 2. List the prime factors of w(r).
5, 7
Suppose -6*o + 101 = -19. Suppose -o*h + 3060 = -5*h. What are the prime factors of h?
2, 3, 17
Let f = 380 - -207. What are the prime factors of f?
587
Suppose -2*u + 3*u = 232. List the prime factors of 3/(2/(u/12)).
29
Suppose -2*m + 5*u = m - 1047, 4*u = 0. List the prime factors of m.
349
Suppose -4*y + 602 = -3*y. What are the prime factors of y?
2, 7, 43
Let l(o) = o**3 - 4*o**2 + o - 4. Let w be l(4). Let v(s) = 39 - 24 + 13 + s. What are the prime factors of v(w)?
2, 7
Let s be 0 - 3/(3/16). Let p = -3 + s. Let v = -1 - p. List the prime factors of v.
2, 3
Suppose 0 = g - 5*v - 3598, 3*g - 92*v + 90*v - 10833 = 0. List the prime factors of g.
3613
Let p(q) = -11 + 4 - 2*q + 0*q**2 + 3*q**2. What are the prime factors of p(5)?
2, 29
What are the prime factors of (-61897)/(-22) + (-4)/8?
29, 97
What are the prime factors of 3249/18*(-6)/(-3)?
19
Suppose -2*c + 4228 = 5*x, -4*c - c - 851 = -x. What are the prime factors of x?
2, 3, 47
Let h(q) = -4*q**3 + 2*q**2 + 4*q. Suppose -55*n = -54*n + 3. List the prime factors of h(n).
2, 3, 19
Suppose -4*d = -12, o - 5*d + 13 = -0*o. Suppose -2*t = 2*t + 2*m - 18, -3*t - 3*m + 12 = 0. Let r = o + t. What are the prime factors of r?
7
Suppose -6*w + 424 = -2*w. Let p = w + -45. List the prime factors of p.
61
Let y = -9 + 16. Suppose -g = 3*w - 4, -3*w - 5*g + y = -13. Suppose 0 = 5*l + 5, 5*n - 151 = -w*n + l. List the prime factors of n.
2, 3, 5
Let r(u) = -u. Let b(l) = -l**2 + 15*l - 2. Suppose 0*a - 2*a = -2. Let x(g) = a*b(g) + 3*r(g). What are the prime factors of x(9)?
5
Suppose -1 = g, -4*i + 1089 + 574 = -3*g. List the prime factors of i.
5, 83
Suppose 8 = 10*q - 8*q. Suppose 0 = q*l - 3*l - 114. Let x = l + -67. List the prime factors of x.
47
Let j(i) = i**2 - 8*i - 11. Let s be j(9). What are the prime factors of -15*(s + (-24)/10)?
2, 3, 11
Let t = -24 - -15. Let w = t - -68. What are the prime factors of w?
59
Suppose 0 = 6*i - 5*i - 4. Suppose z - 292 = -2*g, g - 304 = -g - i*z. List the prime factors of g.
2, 3
Suppose 8*q - 2*q = 1266. List the prime factors of q.
211
Let p(w) = -2*w**2 - 7*w - 10. Let c be p(-4). Let d be 10/((-8)/20 - 0). Let k = c - d. What are the prime factors of k?
11
Let b(m) = -m**3 + 27*m**2 + m + 232. What are the prime factors of b(26)?
2, 467
Let z = 1009 + -819. List the prime factors of z.
2, 5, 19
Suppose 2*l + 4*l = 0. Suppose -2*n - 9 + 13 = l. List the prime factors of n.
2
Suppose 0 = 3*i - k - 284, 5*k - 46 - 454 = -5*i. List the prime factors of i.
2, 3
Let g(f) = -3*f**3 + 2*f**2 + 2*f + 2. Let t be g(4). Suppose 2*a - 36 = 6. List the prime factors of (-14)/a*t/4.
5
Let c(a) = 130*a + 459. What are the prime factors of c(10)?
1759
Suppose -3324 = -5*q - 3*b, 5*b = 4*q - 2213 - 461. What are the prime factors of q?
2, 3, 37
Suppose -6*w + 2*w = 0, w + 1849 = r. What are the prime factors of r?
43
Let t = 1183 - -625. What are the prime factors of t?
2, 113
Let q(p) = -42*p - 66. What are the prime factors of q(-11)?
2, 3, 11
Let h = 10 + 7. Suppose -2*k + 5*d = -h - 8, 5*k + 5*d = 10. Suppose -k*o - 21 = -3*j - 3, -2*j - 5*o = -12. List the prime factors of j.
2, 3
Suppose -6*k = 13*k - 46037. List the prime factors of k.
2423
Let c(v) = 5*v + 3*v + 4 + 17*v**2 - 16*v**2. Let f be c(-8). Suppose 0 = 5*b - 4*j - 33, f*b + b = -4*j + 17. What are the prime factors of b?
5
Suppose -2*h + 71 = -139. Suppose -7*g = -6*g - h. What are the prime factors of g?
3, 5, 7
Let y be (-3)/1 + 16 + -12. Suppose 0 = p - 3*g - 8, 3*p + 4*g = -16 + y. Let h = p - -14. List the prime factors of h.
13
Suppose 7*i - 2*i = 2*u + 406, -95 = -i + 5*u. Suppose -a + 5*a - i = 0. Let t = 45 - a. What are the prime factors of t?
5
Let i = -9 + 14. Suppose i*p = 25, -g + 0 = -4*p + 25. List the prime factors of (140/g)/(2*-1).
2, 7
Let c = -29 + 53. Suppose 2*x = -4*t - 3*x - 3, 3*x = 5*t - c. What are the prime factors of t?
3
Let b = -10 + 32. Suppose b = -5*u - 2113. List the prime factors of u/(-28) + (-2)/8.
3, 5
Let i = 1997 + -1052. List the prime factors of i.
3, 5, 7
Let q be 2 - (-8 - -4 - 544). Suppose -2*k = -5*s + 1343, 2*s = -2*k + 6*k + q. What are the prime factors of s?
3, 89
Let a = 1389 - -245. List the prime factors of a.
2, 19, 43
Suppose 0 = 30*o - 22*o - 28768. List the prime factors of o.
2, 29, 31
Let r(q) = -q**2 - 96*q - 12. What are the prime factors of r(-23)?
1667
Let d be 18/4 + (-2)/(-4). Suppose -d*v + s - 105 + 396 = 0, v - 53 = -5*s. List the prime factors of v.
2, 29
Let m(q) = q**3 - q**2 - q - 116. Let w be m(0). Let p = -79 - w. List the prime factors of p.
37
Let v(z) = -z**3 + 4*z**2 + 6*z + 1. Let t be v(5). Suppose 5*f = 2*h - 9, t*f - 9 = 3*h + 3*f. Let a = h - -28. What are the prime factors of a?
2, 5
Let f(x) = -2*x**2 - 33*x - 16. Let j be f(-16). Suppose -92*n + 91*n + 283 = j. List the prime factors of n.
283
Let f be 3/2*(-9 + 3). Let a(j) = -9*j - 13. What are the prime factors of a(f)?
2, 17
What are the prime factors of (3 + -2 + (-420)/9)*-21?
7, 137
Let k be (13 + 1)*(-10 + 30). Suppose 2*v = -2*v + k. What are the prime factors of v?
2, 5, 7
Suppose 2*y + 14 + 4 = 5*r, -5*y - 10 = 5*r. Suppose 4*a - 779 = -5*g + r*a, -5*g + 773 = -a. List the prime factors of g.
5, 31
Suppose 5*d = d + 1180. Suppose -155 = -6*a + d. What are the prime factors of a?
3, 5
Suppose 18 = o + 30. Let n be (18/o)/(3/(-56)). List the prime factors of (60/(-21))/((-4)/n).
2, 5
Let f be 35 - 0*(-2)/10. Let n 